345?
3, 5, 59141
What are the prime factors of 336440?
2, 5, 13, 647
List the prime factors of 6635158.
2, 43, 77153
List the prime factors of 18251345.
5, 7, 53, 9839
What are the prime factors of 232879?
179, 1301
What are the prime factors of 502023?
3, 167341
What are the prime factors of 537553?
281, 1913
What are the prime factors of 208776?
2, 3, 8699
What are the prime factors of 21292519?
21292519
List the prime factors of 4474032.
2, 3, 83, 1123
What are the prime factors of 177425?
5, 47, 151
List the prime factors of 35874060.
2, 3, 5, 597901
What are the prime factors of 15018829?
7, 2145547
List the prime factors of 18979202.
2, 11, 883, 977
List the prime factors of 277863.
3, 23, 4027
List the prime factors of 69915.
3, 5, 59, 79
List the prime factors of 34938104.
2, 23, 189881
List the prime factors of 3618581.
61, 137, 433
What are the prime factors of 650499?
3, 29, 7477
List the prime factors of 30228.
2, 3, 11, 229
What are the prime factors of 382629?
3, 13, 9811
List the prime factors of 130790.
2, 5, 11, 29, 41
List the prime factors of 22915.
5, 4583
What are the prime factors of 2235997?
2235997
What are the prime factors of 32539?
13, 2503
What are the prime factors of 658877?
653, 1009
What are the prime factors of 13937970?
2, 3, 5, 79, 5881
List the prime factors of 14782135.
5, 73, 40499
What are the prime factors of 2490773?
673, 3701
List the prime factors of 519528.
2, 3, 21647
What are the prime factors of 904745?
5, 180949
What are the prime factors of 728147?
7, 104021
List the prime factors of 7788158.
2, 7, 11353
List the prime factors of 3435178.
2, 1187, 1447
What are the prime factors of 298926?
2, 3, 16607
List the prime factors of 9356.
2, 2339
What are the prime factors of 1301347?
1301347
What are the prime factors of 21464?
2, 2683
List the prime factors of 1542466.
2, 771233
What are the prime factors of 703410?
2, 3, 5, 23447
What are the prime factors of 1397231?
11, 37, 3433
What are the prime factors of 12666223?
61, 207643
What are the prime factors of 1256749?
13, 277, 349
What are the prime factors of 254337?
3, 17, 4987
List the prime factors of 1092505.
5, 17, 12853
List the prime factors of 74602.
2, 11, 3391
List the prime factors of 937503.
3, 7, 23, 647
What are the prime factors of 780488?
2, 97561
List the prime factors of 1873661.
29, 64609
List the prime factors of 557193.
3, 7, 13, 157
What are the prime factors of 2707125?
3, 5, 7219
List the prime factors of 392848.
2, 43, 571
List the prime factors of 206199.
3, 7, 1091
What are the prime factors of 5968441?
853, 6997
What are the prime factors of 8320884?
2, 3, 11, 13, 373
List the prime factors of 268220.
2, 5, 13411
List the prime factors of 537319.
17, 31607
List the prime factors of 1035368.
2, 17, 23, 331
What are the prime factors of 4198707?
3, 29, 16087
What are the prime factors of 1365467?
1365467
List the prime factors of 1542025.
5, 61681
List the prime factors of 21115427.
21115427
List the prime factors of 4754838.
2, 3, 11, 72043
List the prime factors of 990682.
2, 7, 11, 919
What are the prime factors of 3069315?
3, 5, 68207
List the prime factors of 1229151.
3, 7, 11, 17, 313
What are the prime factors of 980625?
3, 5, 523
What are the prime factors of 3240755?
5, 7, 92593
List the prime factors of 1229836.
2, 41, 7499
What are the prime factors of 8889232?
2, 11, 17, 2971
List the prime factors of 150848.
2, 2357
List the prime factors of 1799728.
2, 7, 16069
List the prime factors of 3695277.
3, 191, 6449
What are the prime factors of 895680?
2, 3, 5, 311
List the prime factors of 1029125.
5, 8233
What are the prime factors of 853970?
2, 5, 13, 6569
What are the prime factors of 8580550?
2, 5, 11, 15601
What are the prime factors of 656941?
149, 4409
What are the prime factors of 711730?
2, 5, 103, 691
What are the prime factors of 911908?
2, 227977
What are the prime factors of 2517658?
2, 11, 13, 8803
What are the prime factors of 2743182?
2, 3, 13, 19, 617
What are the prime factors of 1191688?
2, 148961
What are the prime factors of 16409855?
5, 7, 11, 6089
List the prime factors of 3751495.
5, 11, 68209
List the prime factors of 5200656.
2, 3, 108347
What are the prime factors of 36125588?
2, 1019, 8863
What are the prime factors of 291991?
7, 59, 101
List the prime factors of 363649.
11, 13, 2543
What are the prime factors of 222128?
2, 13883
What are the prime factors of 15360339?
3, 5120113
What are the prime factors of 4140216?
2, 3, 57503
List the prime factors of 26206.
2, 13103
List the prime factors of 100660.
2, 5, 7, 719
List the prime factors of 530871.
3, 11, 16087
List the prime factors of 95582.
2, 47791
List the prime factors of 125376.
2, 3, 653
List the prime factors of 4077970.
2, 5, 13, 19, 127
What are the prime factors of 28265?
5, 5653
What are the prime factors of 28958277?
3, 9652759
List the prime factors of 10055904.
2, 3, 31, 109
List the prime factors of 195600.
2, 3, 5, 163
List the prime factors of 9101778.
2, 3, 7, 37, 5857
What are the prime factors of 294170?
2, 5, 23, 1279
List the prime factors of 1176124.
2, 29, 10139
List the prime factors of 3081129.
3, 67, 15329
What are the prime factors of 526700?
2, 5, 23, 229
What are the prime factors of 1340425?
5, 53617
What are the prime factors of 8091808?
2, 252869
What are the prime factors of 864288?
2, 3, 3001
What are the prime factors of 4821368?
2, 31, 19441
List the prime factors of 1013979.
3, 31, 10903
What are the prime factors of 1700214?
2, 3, 283369
List the prime factors of 8003316.
2, 3, 673, 991
List the prime factors of 4012845.
3, 5, 267523
What are the prime factors of 209709?
3, 863
What are the prime factors of 10584104?
2, 79, 16747
What are the prime factors of 82875?
3, 5, 13, 17
What are the prime factors of 2053576?
2, 7, 36671
List the prime factors of 4883392.
2, 76303
What are the prime factors of 362762?
2, 31, 5851
What are the prime factors of 70853?
70853
What are the prime factors of 11069881?
11069881
List the prime factors of 129503.
11, 61, 193
List the prime factors of 907176.
2, 3, 37799
List the prime factors of 609118.
2, 304559
What are the prime factors of 2529030?
2, 3, 5, 7, 12043
List the prime factors of 95241.
3, 53, 599
List the prime factors of 3604073.
11, 103, 3181
List the prime factors of 4715.
5, 23, 41
List the prime factors of 8894724.
2, 3, 741227
What are the prime factors of 7145901?
3, 7, 4201
List the prime factors of 3157000.
2, 5, 7, 11, 41
List the prime factors of 1073003.
31, 34613
What are the prime factors of 17801870?
2, 5, 1780187
List the prime factors of 651862.
2, 29, 11239
List the prime factors of 571950.
2, 3, 5, 31, 41
What are the prime factors of 910428?
2, 3, 75869
What are the prime factors of 6842944?
2, 106921
List the prime factors of 2122909.
17, 151, 827
List the prime factors of 539744.
2, 101, 167
What are the prime factors of 268910?
2, 5, 26891
What are the prime factors of 957283?
23, 41621
List the prime factors of 11595232.
2, 11, 32941
List the prime factors of 193851.
3, 7, 17, 181
What are the prime factors of 12363577?
67, 127, 1453
List the prime factors of 381289.
381289
List the prime factors of 8134423.
11, 739493
What are the prime factors of 412072?
2, 19, 2711
List the prime factors of 222335.
5, 53, 839
What are the prime factors of 471834?
2, 3, 11, 2383
What are the prime factors of 3454208?
2, 103, 131
What are the prime factors of 77548?
2, 19387
What are the prime factors of 9705404?
2, 2426351
List the prime factors of 513961.
7, 17, 617
List the prime factors of 1978908.
2, 3, 37, 4457
List the prime factors of 24431306.
2, 12215653
List the prime factors of 1632743.
7, 41, 5689
What are the prime factors of 188259?
3, 62753
List the prime factors of 8166919.
17, 31, 15497
List the prime factors of 1196030.
2, 5, 11, 83, 131
What are the prime factors of 266170?
2, 5, 43, 619
List the prime factors of 4843711.
1823, 2657
What are the prime factors of 2803578?
2, 3, 31, 15073
List the prime factors of 3247026.
2, 3, 293, 1847
List the prime factors of 4717979.
7, 89, 7573
List the prime factors of 92451.
3, 30817
What are the prime factors of 892235?
5, 178447
List the prime factors of 89252.
2, 53, 421